{"id":297,"date":"2025-03-07T16:59:23","date_gmt":"2025-03-07T14:59:23","guid":{"rendered":"https:\/\/porvoonvihreat.fi\/?page_id=297"},"modified":"2025-03-27T11:30:41","modified_gmt":"2025-03-27T09:30:41","slug":"kommunalvalprogram","status":"publish","type":"page","link":"https:\/\/porvoonvihreat.fi\/index.php\/kommunalvalprogram\/","title":{"rendered":"Kommunalvalprogram"},"content":{"rendered":"\n<p><sub><a href=\"https:\/\/porvoonvihreat.fi\/index.php\/kuntavaaliohjelma\/\" data-type=\"page\" data-id=\"271\"><img loading=\"lazy\" decoding=\"async\" width=\"417\" height=\"290\" class=\"wp-image-293\" style=\"width:24px\" src=\"https:\/\/porvoonvihreat.fi\/wp2\/wp-content\/uploads\/2025\/03\/finland.png\" alt=\"\" srcset=\"https:\/\/porvoonvihreat.fi\/wp2\/wp-content\/uploads\/2025\/03\/finland.png 417w, https:\/\/porvoonvihreat.fi\/wp2\/wp-content\/uploads\/2025\/03\/finland-300x209.png 300w\" sizes=\"auto, (max-width: 417px) 100vw, 417px\" \/>&nbsp;&nbsp;&nbsp;<mark style=\"background-color:rgba(0, 0, 0, 0);color:#2c65a1\" class=\"has-inline-color\">Suomeksi<\/mark><\/a>&nbsp;&nbsp;&nbsp;|&nbsp;&nbsp;&nbsp;<a href=\"https:\/\/porvoonvihreat.fi\/index.php\/municipal-election-program\/\" data-type=\"page\" data-id=\"290\"><img loading=\"lazy\" decoding=\"async\" width=\"512\" height=\"342\" class=\"wp-image-279\" style=\"width:24px\" src=\"https:\/\/porvoonvihreat.fi\/wp2\/wp-content\/uploads\/2025\/03\/united-kingdom_555417-e1740898310987.png\" alt=\"\" srcset=\"https:\/\/porvoonvihreat.fi\/wp2\/wp-content\/uploads\/2025\/03\/united-kingdom_555417-e1740898310987.png 512w, https:\/\/porvoonvihreat.fi\/wp2\/wp-content\/uploads\/2025\/03\/united-kingdom_555417-e1740898310987-300x200.png 300w\" sizes=\"auto, (max-width: 512px) 100vw, 512px\" \/>&nbsp;&nbsp;&nbsp;<mark style=\"background-color:rgba(0, 0, 0, 0);color:#2c65a1\" class=\"has-inline-color\">In english<\/mark><\/a>&nbsp;&nbsp;&nbsp;|&nbsp;&nbsp;&nbsp;<a href=\"https:\/\/porvoonvihreat.fi\/wp2\/wp-content\/uploads\/2025\/03\/Kuntavaaliohjelma_Laaja.pdf\" data-type=\"attachment\" data-id=\"345\" target=\"_blank\" rel=\"noreferrer noopener\">Omfattande program<\/a> (p\u00e5 finska)<\/sub><\/p>\n\n\n\n<p><strong><mark style=\"background-color:rgba(0, 0, 0, 0);color:#000000\" class=\"has-inline-color\">De Gr\u00f6na i Borg\u00e5 kommunalvalprogram 2025<\/mark><\/strong><\/p>\n\n\n\n<h2 class=\"wp-block-heading\"><br><strong><mark style=\"background-color:rgba(0, 0, 0, 0);color:#046846\" class=\"has-inline-color\">De Gr\u00f6na i Borg\u00e5 v\u00e4rnar om naturen och klimatet<\/mark><\/strong><\/h2>\n\n\n\n<ul class=\"wp-block-list\">\n<li><strong>Vi d\u00e4mpar klimatf\u00f6r\u00e4ndringen med h\u00e5llbara l\u00f6sningar.<\/strong> Den cirkul\u00e4ra ekonomin \u00e4r dessutom ofta kostnadseffektiv.<\/li>\n\n\n\n<li><strong>Vi skyddar n\u00e4rnaturen.<\/strong> En riklig stadsnatur fr\u00e4mjar v\u00e4lbefinnande och h\u00e4lsa. Vi fr\u00e4mjar en m\u00e5ngfaldig milj\u00f6 och bromsar naturf\u00f6rlusten.<\/li>\n\n\n\n<li><strong>Vi fr\u00e4mjar en h\u00e5llbar anv\u00e4ndning av naturen f\u00f6r rekreation.<\/strong> Vi f\u00f6rb\u00e4ttrar stigar, skyltning och tj\u00e4nster \u00e4ven i sk\u00e4rg\u00e5rden.<\/li>\n\n\n\n<li><strong>Vi f\u00f6rb\u00e4ttrar vattendragens tillst\u00e5nd och fr\u00e4mjar integrerade skogsskyddsomr\u00e5den.<\/strong><\/li>\n<\/ul>\n\n\n\n<h2 class=\"wp-block-heading\"><br><strong><mark style=\"background-color:rgba(0, 0, 0, 0);color:#046846\" class=\"has-inline-color\">De gr\u00f6na i Borg\u00e5 fr\u00e4mjar en bra vardag, v\u00e4lbefinnande och j\u00e4mlikhet<\/mark><\/strong><\/h2>\n\n\n\n<ul class=\"wp-block-list\">\n<li><strong>Vi vill skapa en bra vardag f\u00f6r alla i v\u00e5r gemensamma stad.<\/strong> Vi ser till att offentliga lokaler och tj\u00e4nster \u00e4r tillg\u00e4ngliga och fr\u00e4mjar v\u00e4lbefinnandet genom idrotts- och kulturtj\u00e4nster.<\/li>\n\n\n\n<li><strong>Vi skapar en attraktiv stad f\u00f6r barnfamiljer. <\/strong>Migration och en framg\u00e5ngsrik integration av nya inv\u00e5nare kommer att bidra till att lindra utmaningarna med sjunkande f\u00f6delsetal.<\/li>\n\n\n\n<li><strong>Vi kommer ocks\u00e5 att st\u00f6dja byar<\/strong> som attraktiva platser att bo p\u00e5 och s\u00e4kra deras tj\u00e4nster.<\/li>\n\n\n\n<li><strong>Vi satsar p\u00e5 ett livskraftigt kulturutbud och uppmuntrar till aktivitet:<\/strong> st\u00f6d, lokaler och m\u00f6jligheter f\u00f6r f\u00f6reningar och samfund.<\/li>\n<\/ul>\n\n\n\n<h2 class=\"wp-block-heading\"><br><strong><mark style=\"background-color:rgba(0, 0, 0, 0);color:#046846\" class=\"has-inline-color\">De Gr\u00f6na i Borg\u00e5 st\u00f6der barn och unga<\/mark><\/strong><\/h2>\n\n\n\n<ul class=\"wp-block-list\">\n<li><strong>Vi m\u00f6jligg\u00f6r utbildning av h\u00f6g kvalitet<\/strong>, tillr\u00e4ckliga resurser och rimliga gruppstorlekar.<\/li>\n\n\n\n<li><strong>Vi st\u00f6der m\u00e5ngsidiga inl\u00e4rningsmilj\u00f6er.<\/strong> Vi st\u00f6der \u00f6ppna tj\u00e4nster f\u00f6r sm\u00e5barnspedagogik och livskraftiga byskolor.<\/li>\n\n\n\n<li><strong>Vi ser till att skolv\u00e4gen<\/strong> \u00e4r m\u00f6jlig att f\u00e4rdas p\u00e5 egen hand och rimligt kort i m\u00e5n av m\u00f6jlighet.<\/li>\n\n\n\n<li><strong>Vi tar alla med!<\/strong> Vi fr\u00e4mjar psykiskt v\u00e4lbefinnande, f\u00f6rebygger problem och kr\u00e4ver tidigt st\u00f6d med l\u00e5g tr\u00f6skel samt st\u00e4rker ungdomslokaler och -organisationer.<\/li>\n<\/ul>\n\n\n\n<h2 class=\"wp-block-heading\"><br><strong><mark style=\"background-color:rgba(0, 0, 0, 0);color:#046846\" class=\"has-inline-color\">Borg\u00e5 Gr\u00f6na st\u00e4rker demokratin och en h\u00e5llbar ekonomi<\/mark><\/strong><\/h2>\n\n\n\n<ul class=\"wp-block-list\">\n<li><strong>Vi f\u00f6r en kontinuerlig dialog<\/strong> mellan inv\u00e5narna, de f\u00f6rtroendevalda och de offentliga tj\u00e4nstem\u00e4nnen. Vi kr\u00e4ver ett konsekvent, l\u00e5ngsiktigt och inkluderande beslutsfattande som grundar sig p\u00e5 omfattande och \u00f6ppen information.<\/li>\n\n\n\n<li><strong>Vi bygger en h\u00e5llbar ekonomi.<\/strong> Vi g\u00f6r ekonomiskt och milj\u00f6m\u00e4ssigt h\u00e5llbara och socialt r\u00e4ttvisa investeringar. Den cirkul\u00e4ra ekonomin och turismen skapar lokala, h\u00e5llbara jobb.<\/li>\n\n\n\n<li><strong>Vi utvecklar smidigt samarbete<\/strong> mellan sektorer f\u00f6r att uppn\u00e5 gemensamma m\u00e5l. Vi st\u00f6djer och anv\u00e4nder den tredje sektorn f\u00f6r att komplettera stadens egna tj\u00e4nster.<\/li>\n\n\n\n<li><strong>Vi skapar f\u00f6ruts\u00e4ttningar f\u00f6r f\u00f6retagens framg\u00e5ng.<\/strong> Vi utvecklar syssels\u00e4ttningen i samarbete med lokala f\u00f6retagare och arbetsgivare.<\/li>\n<\/ul>\n\n\n\n<h2 class=\"wp-block-heading\"><br><strong><mark style=\"background-color:rgba(0, 0, 0, 0);color:#046846\" class=\"has-inline-color\">De Gr\u00f6na i Borg\u00e5 vill g\u00f6ra Borg\u00e5 till en stad som lockar m\u00e4nniskor att trivas, m\u00f6tas och r\u00f6ra sig i<\/mark><\/strong><\/h2>\n\n\n\n<ul class=\"wp-block-list\">\n<li><strong>Vi fr\u00e4mjar en human och s\u00e4rpr\u00e4glad stadsplanering.<\/strong> Vi utvecklar Borg\u00e5 genom att bygga vidare p\u00e5 dess styrkor, genom att betona den trivsamma stadsbilden.<\/li>\n\n\n\n<li><strong>Vi bevarar historia och lockar turister med hj\u00e4lp av gamla byggnader och kulturmilj\u00f6er.<\/strong> Att renovera byggnader \u00e4r ofta ett mer milj\u00f6v\u00e4nligt alternativ. L\u00e5t oss ge tomma utrymmen ett nytt liv!<\/li>\n\n\n\n<li><strong>Vi utvecklar ett funktionellt kollektivtrafiksystem och ett sammanh\u00e4ngande cykelv\u00e4gsn\u00e4tverk<\/strong>, b\u00e5de i centrum och i glesbygden. Detta st\u00f6djar dessutom fritidsaktiviteter f\u00f6r barn och ungdomar och minskar behovet av bil\u00e5kning.<\/li>\n<\/ul>\n","protected":false},"excerpt":{"rendered":"<p>&nbsp;&nbsp;&nbsp;Suomeksi&nbsp;&nbsp;&nbsp;|&nbsp;&nbsp;&nbsp;&nbsp;&nbsp;&nbsp;In english&nbsp;&nbsp;&nbsp;|&nbsp;&nbsp;&nbsp;Omfattande program (p\u00e5 finska) De Gr\u00f6na i Borg\u00e5 kommunalvalprogram 2025 De Gr\u00f6na i Borg\u00e5 v\u00e4rnar om naturen och klimatet De gr\u00f6na i Borg\u00e5 fr\u00e4mjar en bra vardag, v\u00e4lbefinnande och j\u00e4mlikhet De Gr\u00f6na i Borg\u00e5 st\u00f6der barn och unga Borg\u00e5 Gr\u00f6na st\u00e4rker demokratin och en h\u00e5llbar ekonomi De Gr\u00f6na i Borg\u00e5 vill g\u00f6ra Borg\u00e5 till [&hellip;]<\/p>\n","protected":false},"author":6,"featured_media":0,"parent":0,"menu_order":0,"comment_status":"closed","ping_status":"closed","template":"","meta":{"footnotes":""},"class_list":["post-297","page","type-page","status-publish","hentry"],"_links":{"self":[{"href":"https:\/\/porvoonvihreat.fi\/index.php\/wp-json\/wp\/v2\/pages\/297","targetHints":{"allow":["GET"]}}],"collection":[{"href":"https:\/\/porvoonvihreat.fi\/index.php\/wp-json\/wp\/v2\/pages"}],"about":[{"href":"https:\/\/porvoonvihreat.fi\/index.php\/wp-json\/wp\/v2\/types\/page"}],"author":[{"embeddable":true,"href":"https:\/\/porvoonvihreat.fi\/index.php\/wp-json\/wp\/v2\/users\/6"}],"replies":[{"embeddable":true,"href":"https:\/\/porvoonvihreat.fi\/index.php\/wp-json\/wp\/v2\/comments?post=297"}],"version-history":[{"count":8,"href":"https:\/\/porvoonvihreat.fi\/index.php\/wp-json\/wp\/v2\/pages\/297\/revisions"}],"predecessor-version":[{"id":351,"href":"https:\/\/porvoonvihreat.fi\/index.php\/wp-json\/wp\/v2\/pages\/297\/revisions\/351"}],"wp:attachment":[{"href":"https:\/\/porvoonvihreat.fi\/index.php\/wp-json\/wp\/v2\/media?parent=297"}],"curies":[{"name":"wp","href":"https:\/\/api.w.org\/{rel}","templated":true}]}}