{"id":271,"date":"2025-03-07T16:58:52","date_gmt":"2025-03-07T14:58:52","guid":{"rendered":"https:\/\/porvoonvihreat.fi\/?page_id=271"},"modified":"2025-03-27T11:25:58","modified_gmt":"2025-03-27T09:25:58","slug":"kuntavaaliohjelma","status":"publish","type":"page","link":"https:\/\/porvoonvihreat.fi\/index.php\/kuntavaaliohjelma\/","title":{"rendered":"Kuntavaaliohjelma"},"content":{"rendered":"\n<p><sub><a href=\"https:\/\/porvoonvihreat.fi\/index.php\/kommunalvalprogram\/\" data-type=\"page\" data-id=\"297\"><img loading=\"lazy\" decoding=\"async\" width=\"512\" height=\"341\" class=\"wp-image-278\" style=\"width:24px\" src=\"https:\/\/porvoonvihreat.fi\/wp2\/wp-content\/uploads\/2025\/03\/flag_12364124.png\" alt=\"\" srcset=\"https:\/\/porvoonvihreat.fi\/wp2\/wp-content\/uploads\/2025\/03\/flag_12364124.png 512w, https:\/\/porvoonvihreat.fi\/wp2\/wp-content\/uploads\/2025\/03\/flag_12364124-300x200.png 300w\" sizes=\"auto, (max-width: 512px) 100vw, 512px\" \/>&nbsp;&nbsp;&nbsp;<mark style=\"background-color:rgba(0, 0, 0, 0);color:#2c65a1\" class=\"has-inline-color\">P\u00e5 svenska<\/mark>&nbsp;<\/a>&nbsp;&nbsp;|&nbsp;&nbsp;&nbsp;<a href=\"https:\/\/porvoonvihreat.fi\/index.php\/municipal-election-program\/\" data-type=\"page\" data-id=\"290\"><img loading=\"lazy\" decoding=\"async\" width=\"512\" height=\"342\" class=\"wp-image-279\" style=\"width:24px\" src=\"https:\/\/porvoonvihreat.fi\/wp2\/wp-content\/uploads\/2025\/03\/united-kingdom_555417-e1740898310987.png\" alt=\"\" srcset=\"https:\/\/porvoonvihreat.fi\/wp2\/wp-content\/uploads\/2025\/03\/united-kingdom_555417-e1740898310987.png 512w, https:\/\/porvoonvihreat.fi\/wp2\/wp-content\/uploads\/2025\/03\/united-kingdom_555417-e1740898310987-300x200.png 300w\" sizes=\"auto, (max-width: 512px) 100vw, 512px\" \/>&nbsp;&nbsp;&nbsp;<mark style=\"background-color:rgba(0, 0, 0, 0);color:#2c65a1\" class=\"has-inline-color\">In english<\/mark>&nbsp;<\/a>&nbsp;&nbsp;&nbsp;|&nbsp;&nbsp;<a href=\"https:\/\/porvoonvihreat.fi\/wp2\/wp-content\/uploads\/2025\/03\/Kuntavaaliohjelma_Laaja.pdf\" data-type=\"attachment\" data-id=\"345\" target=\"_blank\" rel=\"noreferrer noopener\">Laaja ohjelma<\/a><\/sub><\/p>\n\n\n\n<p><strong><mark style=\"background-color:rgba(0, 0, 0, 0);color:#000000\" class=\"has-inline-color\">Porvoon Vihreiden kuntavaaliohjelma 2025<\/mark><\/strong><\/p>\n\n\n\n<h2 class=\"wp-block-heading\"><br><strong><mark style=\"background-color:rgba(0, 0, 0, 0);color:#046846\" class=\"has-inline-color\">Porvoon Vihre\u00e4t vaalii luontoa ja ilmastoa<\/mark><\/strong><\/h2>\n\n\n\n<ul class=\"wp-block-list\">\n<li><strong>Hillitsemme ilmastonmuutosta kest\u00e4vill\u00e4 ratkaisuilla.<\/strong> Kiertotalous on my\u00f6s kustannustehokasta.<\/li>\n\n\n\n<li><strong>Suojelemme l\u00e4hiluontoa.<\/strong> Runsas kaupunkiluonto edist\u00e4\u00e4 hyvinvointia ja terveytt\u00e4. Vaalimme monimuotoista ymp\u00e4rist\u00f6\u00e4 ja hidastamme luontokatoa.<\/li>\n\n\n\n<li><strong>Edist\u00e4mme luonnon kest\u00e4v\u00e4\u00e4 virkistysk\u00e4ytt\u00f6\u00e4.<\/strong> Reittej\u00e4, opasteita ja palveluita parannetaan my\u00f6s saaristossa.<\/li>\n\n\n\n<li><strong>Parannamme vesist\u00f6jen tilaa ja edist\u00e4mme yhten\u00e4isi\u00e4 metsiensuojelualueita.<\/strong><\/li>\n<\/ul>\n\n\n\n<h2 class=\"wp-block-heading\"><br><strong><mark style=\"background-color:rgba(0, 0, 0, 0);color:#046846\" class=\"has-inline-color\">Porvoon Vihre\u00e4t edist\u00e4\u00e4 hyv\u00e4\u00e4 arkea, <\/mark><\/strong><strong><mark style=\"background-color:rgba(0, 0, 0, 0);color:#046846\" class=\"has-inline-color\">hyvinvointia ja tasa-arvoa<\/mark><\/strong><\/h2>\n\n\n\n<ul class=\"wp-block-list\">\n<li><strong>Haluamme tarjota kaikille hyv\u00e4\u00e4 arkea yhteisess\u00e4 kaupungissamme.<\/strong> Varmistamme helposti k\u00e4ytett\u00e4v\u00e4t julkiset tilat ja palvelut sek\u00e4 edist\u00e4mme hyvinvointia liikunta- ja kulttuuripalveluilla.<\/li>\n\n\n\n<li><strong>Luomme houkuttelevan kotikaupungin lapsiperheille.<\/strong> Muuttoliike ja uusien asukkaiden onnistunut kotoutuminen helpottavat syntyvyyden laskun aiheuttamia haasteita.<\/li>\n\n\n\n<li><strong>Tuemme my\u00f6s kyli\u00e4<\/strong> houkuttelevina asuinymp\u00e4rist\u00f6in\u00e4 ja varmistamme niiden palvelut.<\/li>\n\n\n\n<li><strong>Satsaamme el\u00e4v\u00e4\u00e4n kulttuuritarjontaan ja rohkaisemme aktiivisuuteen:<\/strong> yhdistyksille ja yhteis\u00f6ille tukea, tiloja ja tilaisuuksia.<\/li>\n<\/ul>\n\n\n\n<h2 class=\"wp-block-heading\"><br><strong><mark style=\"background-color:rgba(0, 0, 0, 0);color:#046846\" class=\"has-inline-color\">Porvoon Vihre\u00e4t tukee lapsia ja nuoria<\/mark><\/strong><\/h2>\n\n\n\n<ul class=\"wp-block-list\">\n<li><strong>Mahdollistamme laadukkaan koulutuksen<\/strong>, riitt\u00e4v\u00e4t resurssit ja kohtuulliset ryhm\u00e4koot.<\/li>\n\n\n\n<li><strong>Tuemme monipuolisia oppimisymp\u00e4rist\u00f6j\u00e4.<\/strong> Tuemme avoimia varhaiskasvatuspalveluja ja elinvoimaisia kyl\u00e4kouluja.<\/li>\n\n\n\n<li><strong>Teemme koulumatkoista<\/strong> mahdollisuuksien mukaan omatoimisesti kuljettavia ja j\u00e4rkev\u00e4n pituisia.<\/li>\n\n\n\n<li><strong>Otamme kaikki mukaan!<\/strong> Edist\u00e4mme mielen hyvinvointia, ennaltaehk\u00e4isemme ongelmia ja vaadimme matalan kynnyksen varhaista tukea sek\u00e4 vahvistamme nuorisotilojen ja -j\u00e4rjest\u00f6jen toimintaa.<\/li>\n<\/ul>\n\n\n\n<h2 class=\"wp-block-heading\"><br><strong><mark style=\"background-color:rgba(0, 0, 0, 0);color:#046846\" class=\"has-inline-color\">Porvoon Vihre\u00e4t vahvistaa demokratiaa ja kest\u00e4v\u00e4\u00e4 taloutta<\/mark><\/strong><\/h2>\n\n\n\n<ul class=\"wp-block-list\">\n<li><strong>K\u00e4ymme jatkuvaa vuoropuhelua<\/strong> asukkaiden, luottamushenkil\u00f6iden ja viranhaltijoiden v\u00e4lill\u00e4. Vaadimme johdonmukaista, pitk\u00e4j\u00e4nteist\u00e4, osallistavaa sek\u00e4 kattavaan ja avoimeen tietoon perustuvaa p\u00e4\u00e4t\u00f6ksentekoa.<\/li>\n\n\n\n<li><strong>Rakennamme kest\u00e4v\u00e4\u00e4 taloutta.<\/strong> Teemme taloudellisesti ja ekologisesti kest\u00e4vi\u00e4 sek\u00e4 sosiaalisesti oikeudenmukaisia investointeja. Kiertotalous ja matkailu luovat paikallisia, kest\u00e4vi\u00e4 ty\u00f6paikkoja.<\/li>\n\n\n\n<li><strong>Kehit\u00e4mme toimialojen ketter\u00e4\u00e4 yhteisty\u00f6t\u00e4<\/strong> yhteisten tavoitteiden saavuttamiseksi. Kolmannen sektorin tukeminen ja hy\u00f6dynt\u00e4minen t\u00e4ydent\u00e4v\u00e4t kaupungin omia palveluja.<\/li>\n\n\n\n<li><strong>Luomme yrityksille toimintaedellytyksi\u00e4.<\/strong> Kehit\u00e4mme ty\u00f6llistymist\u00e4 yhteisty\u00f6ss\u00e4 paikallisten yritt\u00e4jien ja ty\u00f6nantajien kanssa.<\/li>\n<\/ul>\n\n\n\n<h2 class=\"wp-block-heading\"><br><strong><mark style=\"background-color:rgba(0, 0, 0, 0);color:#046846\" class=\"has-inline-color\">Porvoon Vihre\u00e4t haluaa tehd\u00e4 Porvoosta kaupungin, joka houkuttelee viihtym\u00e4\u00e4n, kohtaamaan ja liikkumaan<\/mark><\/strong><\/h2>\n\n\n\n<ul class=\"wp-block-list\">\n<li><strong>Edist\u00e4mme ihmisl\u00e4ht\u00f6ist\u00e4 ja omaleimaista kaupunkisuunnittelua.<\/strong> Kehit\u00e4mme Porvoota sen omia vahvuuksia vaalien, korostaen viihtyis\u00e4\u00e4 kaupunkikuvaa.<\/li>\n\n\n\n<li><strong>Tallennamme historiaa ja houkuttelemme matkailijoita vanhojen rakennusten ja kulttuuriymp\u00e4rist\u00f6jen avulla. <\/strong>Rakennusten kunnostaminen on usein ymp\u00e4rist\u00f6yst\u00e4v\u00e4llisempi vaihtoehto. Tyhj\u00e4t tilat k\u00e4ytt\u00f6\u00f6n!<\/li>\n\n\n\n<li><strong>Kehit\u00e4mme julkisesta liikenteest\u00e4 toimivan ja py\u00f6r\u00e4tieverkostosta yhten\u00e4isen<\/strong> sek\u00e4 keskustassa ett\u00e4 haja-asutusalueilla. Tuemme n\u00e4in my\u00f6s lasten ja nuorten harrastamista ja v\u00e4henn\u00e4mme autoilun tarvetta.<\/li>\n<\/ul>\n\n\n\n<p><\/p>\n","protected":false},"excerpt":{"rendered":"<p>&nbsp;&nbsp;&nbsp;P\u00e5 svenska&nbsp;&nbsp;&nbsp;|&nbsp;&nbsp;&nbsp;&nbsp;&nbsp;&nbsp;In english&nbsp;&nbsp;&nbsp;&nbsp;|&nbsp;&nbsp;Laaja ohjelma Porvoon Vihreiden kuntavaaliohjelma 2025 Porvoon Vihre\u00e4t vaalii luontoa ja ilmastoa Porvoon Vihre\u00e4t edist\u00e4\u00e4 hyv\u00e4\u00e4 arkea, hyvinvointia ja tasa-arvoa Porvoon Vihre\u00e4t tukee lapsia ja nuoria Porvoon Vihre\u00e4t vahvistaa demokratiaa ja kest\u00e4v\u00e4\u00e4 taloutta Porvoon Vihre\u00e4t haluaa tehd\u00e4 Porvoosta kaupungin, joka houkuttelee viihtym\u00e4\u00e4n, kohtaamaan ja liikkumaan<\/p>\n","protected":false},"author":6,"featured_media":0,"parent":0,"menu_order":0,"comment_status":"closed","ping_status":"closed","template":"","meta":{"footnotes":""},"class_list":["post-271","page","type-page","status-publish","hentry"],"_links":{"self":[{"href":"https:\/\/porvoonvihreat.fi\/index.php\/wp-json\/wp\/v2\/pages\/271","targetHints":{"allow":["GET"]}}],"collection":[{"href":"https:\/\/porvoonvihreat.fi\/index.php\/wp-json\/wp\/v2\/pages"}],"about":[{"href":"https:\/\/porvoonvihreat.fi\/index.php\/wp-json\/wp\/v2\/types\/page"}],"author":[{"embeddable":true,"href":"https:\/\/porvoonvihreat.fi\/index.php\/wp-json\/wp\/v2\/users\/6"}],"replies":[{"embeddable":true,"href":"https:\/\/porvoonvihreat.fi\/index.php\/wp-json\/wp\/v2\/comments?post=271"}],"version-history":[{"count":12,"href":"https:\/\/porvoonvihreat.fi\/index.php\/wp-json\/wp\/v2\/pages\/271\/revisions"}],"predecessor-version":[{"id":347,"href":"https:\/\/porvoonvihreat.fi\/index.php\/wp-json\/wp\/v2\/pages\/271\/revisions\/347"}],"wp:attachment":[{"href":"https:\/\/porvoonvihreat.fi\/index.php\/wp-json\/wp\/v2\/media?parent=271"}],"curies":[{"name":"wp","href":"https:\/\/api.w.org\/{rel}","templated":true}]}}