{"id":25,"date":"2024-10-18T15:57:27","date_gmt":"2024-10-18T15:57:27","guid":{"rendered":"https:\/\/porvoonvihreat.fi\/wp2\/?page_id=25"},"modified":"2025-01-20T14:10:48","modified_gmt":"2025-01-20T12:10:48","slug":"yhdistyksen-saannot","status":"publish","type":"page","link":"https:\/\/porvoonvihreat.fi\/index.php\/yhdistyksen-saannot\/","title":{"rendered":"Yhdistyksen s\u00e4\u00e4nn\u00f6t"},"content":{"rendered":"\n<h6 class=\"wp-block-heading\">Porvoon Vihre\u00e4t ry \u2013 De Gr\u00f6na i Borg\u00e5 rf<\/h6>\n\n\n\n<h6 class=\"wp-block-heading\">Hyv\u00e4ksytty yhdistyksen kokouksessa 29.11.2017<\/h6>\n\n\n\n<p><br><strong>1. Yhdistyksen nimi<\/strong><\/p>\n\n\n\n<p>Yhdistyksen nimen\u00e4 on Porvoon Vihre\u00e4t \u2013 De Gr\u00f6na i Borg\u00e5.<\/p>\n\n\n\n<p><strong>2. Yhdistyksen kotipaikka ja kielet<\/strong><\/p>\n\n\n\n<p>Yhdistyksen kotipaikka on Porvoo. Yhdistyksen kielet ovat suomi ja ruotsi.<\/p>\n\n\n\n<p><strong>3. Yhdistyksen tarkoitus ja toiminta<\/strong><\/p>\n\n\n\n<p>* Yhdistyksen tarkoituksena on tukea vihre\u00e4n liikkeen toimintaa, lis\u00e4t\u00e4 liikkeen kannatusta sek\u00e4 vaikuttaa taloudellisiin ja ymp\u00e4rist\u00f6llisiin ratkaisuihin ihmisten el\u00e4misen laatua parantavasti ja tasa-arvoisuutta edist\u00e4v\u00e4sti, elinymp\u00e4rist\u00f6n viihtyvyytt\u00e4, terveellisyytt\u00e4 ja turvallisuutta parantavasti sek\u00e4 luonnonvaroja ja luonnon moninaisuutta suojelevasti.<\/p>\n\n\n\n<p>* Tarkoituksensa toteuttamiseksi yhdistys<\/p>\n\n\n\n<p>\u2013 tukee j\u00e4sentens\u00e4 osallistumista yhteiskunnallisessa vaikuttamisessa,<\/p>\n\n\n\n<p>\u2013 ottaa kantaa yhteiskunnallisiin asioihin,<\/p>\n\n\n\n<p>\u2013 harjoittaa julkaisu- ja tiedotustoimintaa sek\u00e4 pit\u00e4\u00e4 aktiivisesti yhteytt\u00e4 kuntalaisiin, j\u00e4rjest\u00e4\u00e4 kokouksia ja yleis\u00f6tilaisuuksia.<\/p>\n\n\n\n<p>* Yhdistys kantaa j\u00e4senilt\u00e4\u00e4n j\u00e4senmaksuja sek\u00e4 ottaa vastaan lahjoituksia ja testamentteja. Yhdistys j\u00e4rjest\u00e4\u00e4 arpajaisia, myyj\u00e4isi\u00e4. ker\u00e4yksi\u00e4 yms.<\/p>\n\n\n\n<p><strong>4. Yhdistykseen liittyminen ja j\u00e4senmaksu<\/strong><\/p>\n\n\n\n<p>* Yhdistyksen j\u00e4seneksi voidaan hakemuksesta hyv\u00e4ksy\u00e4 Suomen kansalaiset ja sellaiset ulkomaalaiset, joilla on kotipaikka Suomessa, ja jotka hyv\u00e4ksyv\u00e4t yhdistyksen tarkoituksen ja s\u00e4\u00e4nn\u00f6t. J\u00e4seneksi hyv\u00e4ksymisest\u00e4 p\u00e4\u00e4tt\u00e4\u00e4 yhdistyksen hallitus.<\/p>\n\n\n\n<p>* Jokainen yhdistykseen liittynyt on velvollinen kunakin kalenterivuonna viimeist\u00e4\u00e4n joulukuun loppuun menness\u00e4 suorittamaan yhdistykselle j\u00e4senmaksun, jonka suuruuden p\u00e4\u00e4tt\u00e4\u00e4 yhdistyksen syyskokous ja lautakunta- ja valtuustopalkkioistaan yhdistykselle maksun, jonka suuruuden p\u00e4\u00e4tt\u00e4\u00e4 yhdistyksen syyskokous.<\/p>\n\n\n\n<p>* Hallitus voi anomuksesta vapauttaa yhdistyksen j\u00e4senen j\u00e4senmaksun ja kokouspalkkiomaksun suorittamisesta sairauden, varattomuuden, ty\u00f6tt\u00f6myyden tai muun vastaavan syyn takia.<\/p>\n\n\n\n<p>* Yhdistyksest\u00e4 voi j\u00e4sen erota tai h\u00e4net voidaan erottaa yhdistyslain 13 ja 14 \u00a7 mukaan.<\/p>\n\n\n\n<p><strong>5. Yhdistyksen hallitus<\/strong><\/p>\n\n\n\n<p>* Toimeenpanovaltaa yhdistyksess\u00e4 k\u00e4ytt\u00e4\u00e4 sen hallitus, johon kuuluvat puheenjohtaja, varapuheenjohtaja, sihteeri sek\u00e4 v\u00e4hint\u00e4\u00e4n kaksi (2) ja enint\u00e4\u00e4n kahdeksan (8) j\u00e4sent\u00e4, jotka syyskokous valitsee yhdistyksen j\u00e4senten keskuudesta. Hallituksen toimikausi on kalenterivuosi.<\/p>\n\n\n\n<p>* Hallitus on p\u00e4\u00e4t\u00f6svaltainen, kun sen j\u00e4senist\u00e4 v\u00e4hint\u00e4\u00e4n puolet \u2013 puheenjohtaja tai varapuheenjohtaja mukaan lukien \u2013 on l\u00e4sn\u00e4.<\/p>\n\n\n\n<p><strong>6. Tilinp\u00e4\u00e4t\u00f6s ja tilintarkastus<\/strong><\/p>\n\n\n\n<p>* Yhdistyksen tilikausi on kalenterivuosi. Yhdistys valitsee syyskokouksessaan yhden toiminnantarkastajan ja yhden varatoiminnantarkastajan kalenterivuodeksi kerrallaan. Hallituksen on j\u00e4tett\u00e4v\u00e4 tilit ja hallinto toiminnantarkastajalle helmikuun 15. p\u00e4iv\u00e4\u00e4n menness\u00e4. Toiminnantarkastajan on annettava kertomus tarkastuksesta helmikuun loppuun menness\u00e4.<\/p>\n\n\n\n<p><strong>7. Yhdistyksen s\u00e4\u00e4nt\u00f6m\u00e4\u00e4r\u00e4iset kokoukset<\/strong><\/p>\n\n\n\n<p><a><\/a>* Yhdistyksen s\u00e4\u00e4nt\u00f6m\u00e4\u00e4r\u00e4isi\u00e4 kokouksia ovat kev\u00e4t- ja syyskokous. Kev\u00e4tkokous on pidett\u00e4v\u00e4 huhtikuun loppuun menness\u00e4 ja syyskokous marraskuun loppuun menness\u00e4. Kutsu yhdistyksen s\u00e4\u00e4nt\u00f6m\u00e4\u00e4r\u00e4isiin kokouksiin l\u00e4hetet\u00e4\u00e4n s\u00e4hk\u00f6postitse tai ilmoitetaan paikallisessa sanomalehdess\u00e4.<\/p>\n\n\n\n<p><em>Kev\u00e4tkokouksessa k\u00e4sitell\u00e4\u00e4n seuraavat asiat:<\/em><\/p>\n\n\n\n<p>1. valitaan kokoukselle puheenjohtaja, sihteeri, kaksi p\u00f6yt\u00e4kirjantarkastajaa ja kaksi \u00e4\u00e4ntenlaskijaa<\/p>\n\n\n\n<p>2. todetaan kokouksen laillisuus ja p\u00e4\u00e4t\u00f6svaltaisuus<\/p>\n\n\n\n<p>3. vahvistetaan kokouksen ty\u00f6j\u00e4rjestys<\/p>\n\n\n\n<p>4. k\u00e4sitell\u00e4\u00e4n hallituksen kertomus yhdistyksen toiminnasta edellisen\u00e4 kalenterivuonna<\/p>\n\n\n\n<p>5. kuullaan edellisen vuoden tilinp\u00e4\u00e4t\u00f6s sek\u00e4 toiminnantarkastajien kertomus tileist\u00e4 ja hallinnosta<\/p>\n\n\n\n<p>6. vahvistetaan tilinp\u00e4\u00e4t\u00f6s sek\u00e4 p\u00e4\u00e4tet\u00e4\u00e4n vastuuvapauden my\u00f6nt\u00e4misest\u00e4 hallitukselle ja muille vastuuvelvollisille<\/p>\n\n\n\n<p>7. p\u00e4\u00e4tet\u00e4\u00e4n muista kokoukselle s\u00e4\u00e4nt\u00f6m\u00e4\u00e4r\u00e4isess\u00e4 ajassa esitetyist\u00e4 asioista.<\/p>\n\n\n\n<p><em>Syyskokouksessa k\u00e4sitell\u00e4\u00e4n seuraavat asiat:<\/em><\/p>\n\n\n\n<p>1. valitaan kokoukselle puheenjohtaja, sihteeri, kaksi p\u00f6yt\u00e4kirjantarkastajaa ja \u00e4\u00e4ntenlaskijaa<\/p>\n\n\n\n<p>2. todetaan kokouksen laillisuus ja p\u00e4\u00e4t\u00f6svaltaisuus<\/p>\n\n\n\n<p>3. vahvistetaan kokouksen ty\u00f6j\u00e4rjestys<\/p>\n\n\n\n<p>4. valitaan hallituksen puheenjohtaja, varapuheenjohtaja ja sihteeri sek\u00e4 s\u00e4\u00e4nt\u00f6jen edellytt\u00e4m\u00e4 m\u00e4\u00e4r\u00e4 muita hallituksen j\u00e4seni\u00e4 yhdistyksen j\u00e4senten keskuudesta<\/p>\n\n\n\n<p>5. valitaan yhdistykselle taloudenhoitaja seuraavaksi kalenterivuodeksi<\/p>\n\n\n\n<p>6. valitaan yhdistykselle yksi toiminnantarkastaja ja yksi varatoiminnantarkastaja seuraavalle kalenterivuodelle<\/p>\n\n\n\n<p>7. k\u00e4sitell\u00e4\u00e4n yhdistyksen talousarvio ja toimintasuunnitelma seuraavalle vuodelle<\/p>\n\n\n\n<p>8. p\u00e4\u00e4tet\u00e4\u00e4n j\u00e4senmaksun ja kokouspalkkiomaksun m\u00e4\u00e4r\u00e4st\u00e4<\/p>\n\n\n\n<p>9. p\u00e4\u00e4tet\u00e4\u00e4n muista kokoukselle s\u00e4\u00e4nt\u00f6m\u00e4\u00e4r\u00e4isess\u00e4 ajassa esitetyist\u00e4 asioista.<\/p>\n\n\n\n<p>Asia, joka halutaan saattaa yhdistyksen kev\u00e4t- tai syyskokouksen k\u00e4sitelt\u00e4v\u00e4ksi, on esitett\u00e4v\u00e4 yhdistyksen hallitukselle viikkoa ennen kokousp\u00e4iv\u00e4\u00e4.<\/p>\n\n\n\n<p><strong>8. Yhdistyksen koollekutsuminen<\/strong><\/p>\n\n\n\n<p>S\u00e4\u00e4nt\u00f6m\u00e4\u00e4r\u00e4iset kokoukset on kutsuttava koolle v\u00e4hint\u00e4\u00e4n kaksi viikkoa aiemmin s\u00e4hk\u00f6postitse tai ilmoituksella paikallisessa sanomalehdess\u00e4, jonka syyskokous m\u00e4\u00e4r\u00e4\u00e4. Ylim\u00e4\u00e4r\u00e4inen kokous on kutsuttava koolle v\u00e4hint\u00e4\u00e4n yht\u00e4 viikkoa aiemmin samalla tavoin. Muilta osin noudatetaan yhdistyslain 20 \u00a7 s\u00e4\u00e4nn\u00f6ksi\u00e4.<\/p>\n\n\n\n<p><strong>9. Yhdistyksen nimen kirjoittaminen<\/strong><\/p>\n\n\n\n<p>Yhdistyksen nimen kirjoittavat puheenjohtaja ja varapuheenjohtaja sek\u00e4 hallituksen m\u00e4\u00e4r\u00e4\u00e4m\u00e4t henkil\u00f6t, kaksi yhdess\u00e4.<\/p>\n\n\n\n<p><strong>10. Tilink\u00e4ytt\u00f6oikeus<\/strong><\/p>\n\n\n\n<p>Yhdistyksen tili\u00e4 on oikeutettu k\u00e4ytt\u00e4m\u00e4\u00e4n taloudenhoitaja, sek\u00e4 hallituksen p\u00e4\u00e4tt\u00e4m\u00e4ll\u00e4 tavalla muut toimihenkil\u00f6t.<\/p>\n\n\n\n<p><strong>11. Yhdistyksen purkaminen<\/strong><\/p>\n\n\n\n<p>Yhdistys voidaan purkaa, jos siit\u00e4 on mainittu kokouskutsussa ja mik\u00e4li purkamista kannattaa 2\/3 yhdistyksen kokouksessa annetuista \u00e4\u00e4nist\u00e4. Siin\u00e4 kokouksessa, jossa tehd\u00e4\u00e4n p\u00e4\u00e4t\u00f6s yhdistyksen purkamisesta, on my\u00f6s p\u00e4\u00e4tett\u00e4v\u00e4, miten yhdistyksen varojen ja sitoumusten kanssa menetell\u00e4\u00e4n sek\u00e4 kenen huoleksi j\u00e4tet\u00e4\u00e4n niiden selvitys. Yhdistyksen varat on k\u00e4ytett\u00e4v\u00e4 n\u00e4iden s\u00e4\u00e4nt\u00f6jen 3. kohdassa mainittujen tarkoitusten toteuttamiseen.<\/p>\n\n\n\n<p><strong>12. Muut m\u00e4\u00e4r\u00e4ykset<\/strong><\/p>\n\n\n\n<p>Muilta osin noudatetaan yhdistyksen toiminnassa yhdistyslain m\u00e4\u00e4r\u00e4yksi\u00e4.<\/p>\n","protected":false},"excerpt":{"rendered":"<p>Porvoon Vihre\u00e4t ry \u2013 De Gr\u00f6na i Borg\u00e5 rf Hyv\u00e4ksytty yhdistyksen kokouksessa 29.11.2017 1. Yhdistyksen nimi Yhdistyksen nimen\u00e4 on Porvoon Vihre\u00e4t \u2013 De Gr\u00f6na i Borg\u00e5. 2. Yhdistyksen kotipaikka ja kielet Yhdistyksen kotipaikka on Porvoo. Yhdistyksen kielet ovat suomi ja ruotsi. 3. Yhdistyksen tarkoitus ja toiminta * Yhdistyksen tarkoituksena on tukea vihre\u00e4n liikkeen toimintaa, lis\u00e4t\u00e4 [&hellip;]<\/p>\n","protected":false},"author":4,"featured_media":0,"parent":0,"menu_order":0,"comment_status":"closed","ping_status":"closed","template":"","meta":{"footnotes":""},"class_list":["post-25","page","type-page","status-publish","hentry"],"_links":{"self":[{"href":"https:\/\/porvoonvihreat.fi\/index.php\/wp-json\/wp\/v2\/pages\/25","targetHints":{"allow":["GET"]}}],"collection":[{"href":"https:\/\/porvoonvihreat.fi\/index.php\/wp-json\/wp\/v2\/pages"}],"about":[{"href":"https:\/\/porvoonvihreat.fi\/index.php\/wp-json\/wp\/v2\/types\/page"}],"author":[{"embeddable":true,"href":"https:\/\/porvoonvihreat.fi\/index.php\/wp-json\/wp\/v2\/users\/4"}],"replies":[{"embeddable":true,"href":"https:\/\/porvoonvihreat.fi\/index.php\/wp-json\/wp\/v2\/comments?post=25"}],"version-history":[{"count":3,"href":"https:\/\/porvoonvihreat.fi\/index.php\/wp-json\/wp\/v2\/pages\/25\/revisions"}],"predecessor-version":[{"id":177,"href":"https:\/\/porvoonvihreat.fi\/index.php\/wp-json\/wp\/v2\/pages\/25\/revisions\/177"}],"wp:attachment":[{"href":"https:\/\/porvoonvihreat.fi\/index.php\/wp-json\/wp\/v2\/media?parent=25"}],"curies":[{"name":"wp","href":"https:\/\/api.w.org\/{rel}","templated":true}]}}